{"id":434,"date":"2022-12-25T19:48:19","date_gmt":"2022-12-25T19:48:19","guid":{"rendered":"https:\/\/dicomarkagency.com\/?page_id=434"},"modified":"2023-04-11T00:21:39","modified_gmt":"2023-04-11T00:21:39","slug":"condiciones-laborales","status":"publish","type":"page","link":"https:\/\/dicomarkagency.com\/index.php\/condiciones-laborales\/","title":{"rendered":"T\u00e9rminos y condiciones laborales"},"content":{"rendered":"\n<div style=\"height:15px\" aria-hidden=\"true\" class=\"wp-block-spacer\"><\/div>\n\n\n\n<h2 class=\"wp-block-heading has-text-align-center\">T\u00e9rminos y condiciones laborales:<\/h2>\n\n\n\n<div style=\"height:30px\" aria-hidden=\"true\" class=\"wp-block-spacer\"><\/div>\n\n\n\n<p><strong>CONFIDENCIALIDAD Y DERECHOS DE AUTOR<\/strong><\/p>\n\n\n\n<p>1.- Todos los recursos y procedimientos mostrados en nuestra plataforma son completamente confidencial. Nos reservamos el derecho de admisi\u00f3n a nuestro Dicomark Workspace, por lo que podremos rastrear los diferentes accesos.<\/p>\n\n\n\n<p>1.2- Dicomark Agency tiene todos los derechos de autor de cada recurso, procedimiento y pieza publicitaria publicadas en este portal.<\/p>\n\n\n\n<p>1.3- En el momento que finalice la relaci\u00f3n laboral con nuestra agencia. Deber\u00e1 eliminar cualquier tipo de contenido publicitario suministrado por nuestra agencia. <\/p>\n\n\n\n<p><strong>PAGOS <\/strong><\/p>\n\n\n\n<p>2.- Los asesores comerciales tienen un proceso de prueba que tiene una duraci\u00f3n de 14 d\u00edas consecutivos. Durante este periodo solo cotizar\u00e1 el porcentaje correspondiente de acuerdo a la venta de cada servicio. Esta comisi\u00f3n ser\u00e1 abonada luego de haber finalizado cada proceso de cobro con cada cliente. En el momento de ser contratado por nuestra agencia, usted ser\u00e1 dado de alta en la seguridad social y recibir\u00e1 un pago \u00fanico de todas sus cotizaciones mensuales a trav\u00e9s de una transferencia nomina y con posibilidades de adelantos. <\/p>\n\n\n\n<div style=\"height:15px\" aria-hidden=\"true\" class=\"wp-block-spacer\"><\/div>\n\n\n\n<div class=\"wp-block-buttons is-content-justification-center is-layout-flex wp-container-core-buttons-is-layout-a89b3969 wp-block-buttons-is-layout-flex\">\n<div class=\"wp-block-button is-style-outline is-style-outline--1\"><a class=\"wp-block-button__link wp-element-button\">Servicios y porcentajes<\/a><\/div>\n<\/div>\n\n\n\n<div style=\"height:30px\" aria-hidden=\"true\" class=\"wp-block-spacer\"><\/div>\n\n\n\n<div class=\"wp-block-cover alignfull\"><span aria-hidden=\"true\" class=\"wp-block-cover__background has-foreground-background-color has-background-dim-100 has-background-dim\"><\/span><div class=\"wp-block-cover__inner-container is-layout-flow wp-block-cover-is-layout-flow\">\n<div class=\"wp-block-buttons is-vertical is-content-justification-center is-layout-flex wp-container-core-buttons-is-layout-734eb2c2 wp-block-buttons-is-layout-flex\">\n<div class=\"wp-block-button has-custom-width wp-block-button__width-25 has-custom-font-size is-style-outline has-small-font-size is-style-outline--2\"><a class=\"wp-block-button__link has-foreground-background-color has-background has-text-align-center wp-element-button\" href=\"https:\/\/dicomarkagency.com\/index.php\/recursos-para-personal\/\">Dicomark Workspace<\/a><\/div>\n\n\n\n<div class=\"wp-block-button has-custom-width wp-block-button__width-25 has-custom-font-size is-style-outline has-small-font-size is-style-outline--3\"><a class=\"wp-block-button__link has-text-align-center wp-element-button\" href=\"https:\/\/dicomarkagency.com\/index.php\/herramientas-de-trabajo\/\">Herramientas de trabajo<\/a><\/div>\n\n\n\n<div class=\"wp-block-button has-custom-width wp-block-button__width-25 has-custom-font-size is-style-outline has-small-font-size is-style-outline--4\"><a class=\"wp-block-button__link has-text-align-center wp-element-button\">Dicomark Academy<\/a><\/div>\n<\/div>\n\n\n\n<div style=\"height:30px\" aria-hidden=\"true\" class=\"wp-block-spacer\"><\/div>\n\n\n\n<p class=\"has-text-align-center\">Soporte WhatsApp:<\/p>\n\n\n\n<ul class=\"wp-block-social-links is-content-justification-center is-layout-flex wp-container-core-social-links-is-layout-a89b3969 wp-block-social-links-is-layout-flex\"><li class=\"wp-social-link wp-social-link-whatsapp  wp-block-social-link\"><a href=\"https:\/\/wa.link\/vk0hwu\" class=\"wp-block-social-link-anchor\"><svg width=\"24\" height=\"24\" viewBox=\"0 0 24 24\" version=\"1.1\" xmlns=\"http:\/\/www.w3.org\/2000\/svg\" aria-hidden=\"true\" focusable=\"false\"><path d=\"M 12.011719 2 C 6.5057187 2 2.0234844 6.478375 2.0214844 11.984375 C 2.0204844 13.744375 2.4814687 15.462563 3.3554688 16.976562 L 2 22 L 7.2324219 20.763672 C 8.6914219 21.559672 10.333859 21.977516 12.005859 21.978516 L 12.009766 21.978516 C 17.514766 21.978516 21.995047 17.499141 21.998047 11.994141 C 22.000047 9.3251406 20.962172 6.8157344 19.076172 4.9277344 C 17.190172 3.0407344 14.683719 2.001 12.011719 2 z M 12.009766 4 C 14.145766 4.001 16.153109 4.8337969 17.662109 6.3417969 C 19.171109 7.8517969 20.000047 9.8581875 19.998047 11.992188 C 19.996047 16.396187 16.413812 19.978516 12.007812 19.978516 C 10.674812 19.977516 9.3544062 19.642812 8.1914062 19.007812 L 7.5175781 18.640625 L 6.7734375 18.816406 L 4.8046875 19.28125 L 5.2851562 17.496094 L 5.5019531 16.695312 L 5.0878906 15.976562 C 4.3898906 14.768562 4.0204844 13.387375 4.0214844 11.984375 C 4.0234844 7.582375 7.6067656 4 12.009766 4 z M 8.4765625 7.375 C 8.3095625 7.375 8.0395469 7.4375 7.8105469 7.6875 C 7.5815469 7.9365 6.9355469 8.5395781 6.9355469 9.7675781 C 6.9355469 10.995578 7.8300781 12.182609 7.9550781 12.349609 C 8.0790781 12.515609 9.68175 15.115234 12.21875 16.115234 C 14.32675 16.946234 14.754891 16.782234 15.212891 16.740234 C 15.670891 16.699234 16.690438 16.137687 16.898438 15.554688 C 17.106437 14.971687 17.106922 14.470187 17.044922 14.367188 C 16.982922 14.263188 16.816406 14.201172 16.566406 14.076172 C 16.317406 13.951172 15.090328 13.348625 14.861328 13.265625 C 14.632328 13.182625 14.464828 13.140625 14.298828 13.390625 C 14.132828 13.640625 13.655766 14.201187 13.509766 14.367188 C 13.363766 14.534188 13.21875 14.556641 12.96875 14.431641 C 12.71875 14.305641 11.914938 14.041406 10.960938 13.191406 C 10.218937 12.530406 9.7182656 11.714844 9.5722656 11.464844 C 9.4272656 11.215844 9.5585938 11.079078 9.6835938 10.955078 C 9.7955938 10.843078 9.9316406 10.663578 10.056641 10.517578 C 10.180641 10.371578 10.223641 10.267562 10.306641 10.101562 C 10.389641 9.9355625 10.347156 9.7890625 10.285156 9.6640625 C 10.223156 9.5390625 9.737625 8.3065 9.515625 7.8125 C 9.328625 7.3975 9.131125 7.3878594 8.953125 7.3808594 C 8.808125 7.3748594 8.6425625 7.375 8.4765625 7.375 z\"><\/path><\/svg><span class=\"wp-block-social-link-label screen-reader-text\">WhatsApp<\/span><\/a><\/li><\/ul>\n\n\n\n<div style=\"height:20px\" aria-hidden=\"true\" class=\"wp-block-spacer\"><\/div>\n<\/div><\/div>\n","protected":false},"excerpt":{"rendered":"<p>T\u00e9rminos y condiciones laborales: CONFIDENCIALIDAD Y DERECHOS DE AUTOR 1.- Todos los recursos y procedimientos mostrados en nuestra plataforma son completamente confidencial. Nos reservamos el derecho de admisi\u00f3n a nuestro Dicomark Workspace, por lo que podremos rastrear los diferentes accesos. 1.2- Dicomark Agency tiene todos los derechos de autor de cada recurso, procedimiento y pieza [&hellip;]<\/p>\n","protected":false},"author":1,"featured_media":0,"parent":0,"menu_order":0,"comment_status":"closed","ping_status":"closed","template":"blank","meta":{"_uag_custom_page_level_css":"","footnotes":""},"class_list":["post-434","page","type-page","status-publish","hentry"],"uagb_featured_image_src":{"full":false,"thumbnail":false,"medium":false,"medium_large":false,"large":false,"1536x1536":false,"2048x2048":false},"uagb_author_info":{"display_name":"admin","author_link":"https:\/\/dicomarkagency.com\/index.php\/author\/admin\/"},"uagb_comment_info":0,"uagb_excerpt":"T\u00e9rminos y condiciones laborales: CONFIDENCIALIDAD Y DERECHOS DE AUTOR 1.- Todos los recursos y procedimientos mostrados en nuestra plataforma son completamente confidencial. Nos reservamos el derecho de admisi\u00f3n a nuestro Dicomark Workspace, por lo que podremos rastrear los diferentes accesos. 1.2- Dicomark Agency tiene todos los derechos de autor de cada recurso, procedimiento y pieza&hellip;","_links":{"self":[{"href":"https:\/\/dicomarkagency.com\/index.php\/wp-json\/wp\/v2\/pages\/434","targetHints":{"allow":["GET"]}}],"collection":[{"href":"https:\/\/dicomarkagency.com\/index.php\/wp-json\/wp\/v2\/pages"}],"about":[{"href":"https:\/\/dicomarkagency.com\/index.php\/wp-json\/wp\/v2\/types\/page"}],"author":[{"embeddable":true,"href":"https:\/\/dicomarkagency.com\/index.php\/wp-json\/wp\/v2\/users\/1"}],"replies":[{"embeddable":true,"href":"https:\/\/dicomarkagency.com\/index.php\/wp-json\/wp\/v2\/comments?post=434"}],"version-history":[{"count":8,"href":"https:\/\/dicomarkagency.com\/index.php\/wp-json\/wp\/v2\/pages\/434\/revisions"}],"predecessor-version":[{"id":695,"href":"https:\/\/dicomarkagency.com\/index.php\/wp-json\/wp\/v2\/pages\/434\/revisions\/695"}],"wp:attachment":[{"href":"https:\/\/dicomarkagency.com\/index.php\/wp-json\/wp\/v2\/media?parent=434"}],"curies":[{"name":"wp","href":"https:\/\/api.w.org\/{rel}","templated":true}]}}